ine x(u).
8
Let t(q) = -2*q**3 + 82*q**2 + 3. Let f be t(41). Let y(k) = -7*k + 5. What is y(f)?
-16
Let t(h) = -5*h**2 + 16*h**2 - 4*h + h**3 - 8*h**2 + 4 + 5 - 9*h**2. Calculate t(6).
-15
Let n(b) = 70*b**2 + b**3 + 6*b - 3 - 63*b**2 - 4. Suppose o = 2*y + 6, 5*o - 11 + 2 = 3*y. Suppose o*t + 3*t + 18 = 0. Give n(t).
-7
Let f be 27/(-6) + (-33)/22. Let l(j) be the second derivative of -j**3/3 - j**2/2 + 31*j. Give l(f).
11
Let z(a) = -6*a - 7. Let w be (-32)/304 - (-93)/(-19). Let v(d) = 4*d + 5. Let n(b) = w*z(b) - 7*v(b). Determine n(4).
8
Let w(o) be the second derivative of -5*o**3/6 - 7*o**2 + 136*o. Determine w(-4).
6
Let y = -10 - -29. Let w = y - 20. Let b(q) = 5*q**2 - 1. Determine b(w).
4
Let j be 2/18*83 - 6/27. Let g(n) = n - 6. Determine g(j).
3
Let j(f) = -f**3 - f + 1. Let r(x) = 4*x**3 + x**2 - 5. Let b(d) = -3*j(d) - r(d). Suppose 3*z = -0*z + 3*h, -14 = 2*z + 5*h. Calculate b(z).
0
Let q(r) = 3 + r + r - 1. Suppose -4*z + 3*a + 3 + 1 = 0, 3*z + 8 = 5*a. Suppose 3*o + 12 = z*c, -5*c - o - o + 15 = 0. Give q(c).
8
Suppose 29*c + 66 = -108. Let y(h) = h - 10 - 2*h + 2. Give y(c).
-2
Suppose -26 = -4*n + 2*k, -2*n + 3*k + 7 = -12. Suppose 28 = 2*w + 2*w - 4*f, 0 = 4*w + n*f - 1. Let p(j) = -7 + 2*j + 2 + 3 + j. Give p(w).
10
Let f(d) = -d - 1. Let h(p) = -16*p - 283. Let t be h(-18). Calculate f(t).
-6
Let u(t) = t**2 + 43*t + 83. Let z be u(-41). Let j(g) = -43*g - 1. What is j(z)?
-44
Let m = 567 - 563. Let y(r) be the third derivative of 5/24*r**m + 0 - 1/2*r**3 + 0*r + 4*r**2 + 1/60*r**5. What is y(-3)?
-9
Let j(u) be the second derivative of u**4/12 - u**2/2 - u. Suppose 3 = s - 0. Suppose -3*f = s*b + 9, -f + b - 8 + 7 = 0. Determine j(f).
3
Let b(z) = z**3 - 5*z**2 + 5*z - 1. Let l(p) = 3*p**2 - 71*p + 50. Let a be l(23). What is b(a)?
3
Let u(o) be the third derivative of o**4/12 + 7*o**3/2 + 39*o**2. Let d be u(-8). Let j(w) = -w + 3. Give j(d).
-2
Let g(f) be the third derivative of -f**9/60480 - f**7/5040 + f**6/144 + 8*f**5/15 - 46*f**2. Let p(y) be the third derivative of g(y). What is p(0)?
5
Let i(c) = -6*c**2 + c - 12. Let z(b) = 7*b**2 - b + 18. Let k(q) = -3*i(q) - 2*z(q). Determine k(-2).
18
Let r = 42 + -38. Let j(u) = -575*u**2 + u**3 + 581*u**2 - 6*u**3 - r*u + 4*u**3 - 5. Calculate j(5).
0
Let f(v) be the second derivative of 7*v**3/6 - 10*v**2 + 179*v. Determine f(4).
8
Let j(w) be the first derivative of w**7/840 - w**5/120 - w**4/12 + 2*w**3 + 17. Let r(l) be the third derivative of j(l). Calculate r(2).
4
Suppose 5*j + 4*x + 25 + 51 = 0, -5*x = -5. Let h = 15 + j. Let t(q) = -14*q - 6. Let o(s) = 29*s + 13. Let m(v) = -6*o(v) - 13*t(v). Determine m(h).
-8
Let p(u) be the second derivative of -32*u + 0 + 0*u**2 - 1/6*u**3. Determine p(-5).
5
Let l(g) be the third derivative of 34*g**2 + 0*g - 1/120*g**6 + 1/30*g**5 + 1/2*g**3 + 0 + 0*g**4. What is l(3)?
-6
Let i = -420 - -420. Let g(o) = o**2 + 5. Determine g(i).
5
Let s = 25 + -18. Let w(p) = 16*p + 4. Let t(b) = -5*b - 1. Let u(a) = s*t(a) + 2*w(a). Suppose 9 = 2*n + n. Determine u(n).
-8
Let f(h) = h + 27. Let d(i) = -3*i - 81. Let t(z) = 2*d(z) + 7*f(z). Calculate t(0).
27
Let d be 34/(3 + -1)*1. Suppose d*c + 8 = 21*c. Let w(m) = -m + 6 + 3*m - m - 2*m + m**c. What is w(0)?
6
Let b be -2 - (-2 - 12)*2. Suppose 2*q + 5*h = -b, 4*q - 3*h = -0*q. Let d(l) = -17*l - 6*l**3 - 3*l**2 + 19*l + 5*l**3. What is d(q)?
-6
Let b(x) = -x**2 + 2*x + 4. Let y(u) = 3*u - 3. Let t be y(2). Let p be 8 - (t/6 + 5/2). Determine b(p).
-11
Let o(q) = -q**2 + 5*q - 4. Suppose -4*s + 12 = 4*u, -4*s - 8*u + 5*u = -14. Determine o(s).
-4
Let g(z) = z + 4. Let x(f) = 2*f + 5. Let u(d) = 7*g(d) - 3*x(d). Give u(-11).
2
Suppose -4 = -6*i - 10. Let f(d) = -d + 1. Let z(a) = -a**2 - 2*a + 4. Let v(g) = i*z(g) + 6*f(g). Determine v(3).
-1
Let g(t) = -t. Let v be (1 - 2) + 6 + 1. Let r(d) be the first derivative of -d**3/3 + 7*d**2/2 - 12*d + 2. Let n be r(v). Give g(n).
6
Let d(k) = -7*k**2 - k + 10. Let l(o) = o**2. Let m(c) = d(c) + 6*l(c). Let r(j) = 2*j**2 + j - 21. Let f(i) = 9*m(i) + 4*r(i). What is f(-7)?
-8
Suppose -5*g + 2*w = -3*w + 5, -2*w = 5*g - 2. Suppose 0 = -g*r + 5*r - 15. Let p(b) = -r - b - 7*b**2 + 5*b**2 + b**2. Give p(-3).
-9
Let x(q) = -3*q + 2. Suppose 0 = -4*r + 8*r - 12. Suppose -11*v = -10*v - r. What is x(v)?
-7
Let b(p) be the first derivative of -p**2 - 1/3*p**3 - 36 + 3*p. Determine b(-3).
0
Suppose 4*g - 16 = -4*x, -3*g = 4*x - 5*x. Let h(q) = -1 + 2*q + 6*q + 0*q - q**2 - x*q. Suppose -3*k = -5*t + 13, -k - 10 = 5*t - 39. Calculate h(t).
-1
Let i(g) = -20*g**2 + 41*g**2 + 0 - 13*g**2 - 3*g + 2 - 10*g**2. Calculate i(-6).
-52
Let b = 1266 + -1262. Let u(r) = -3*r**2 + 7*r - 4. Determine u(b).
-24
Let a(g) = -g**3 - 3*g**2 + 1. Let s(n) = -5*n**3 - 21*n**2 + 4. Let l(v) = 6*a(v) - s(v). Suppose 0*p + 16 = 4*p. Give l(p).
-14
Suppose 0 = l + 5*q + 89, 0 = -2*q - 3*q - 20. Let y = l - -79. Let v(c) = -c + 6. What is v(y)?
-4
Let a(o) = -2*o**2 + 5*o + 7. Let d be (-10)/6 + (-8 - (-46)/6). Give a(d).
-11
Let v(d) = d - 1. Suppose g - 4*g + 9 = 0. Let k be 1/(3/45*g). Suppose -k*m + 23 = 3. Determine v(m).
3
Let d(a) = a. Suppose 7*q + 222 + 44 = 0. Let c = q + 33. Let k be 8/10 - 1/c. Calculate d(k).
1
Let k(f) = f**2 + 7*f + 1. Let v = 19 - 12. Let l be (-24)/28*v/1. What is k(l)?
-5
Let s be (-24)/(-108) - (-32)/18. Suppose -39 = d + s*d. Let z = d + 9. Let r(n) = n**2 + 4*n - 1. Determine r(z).
-1
Suppose 5*x + 44 = 64. Let p(f) = f**3 + x - 2 - f - 3*f**2 + 1. Calculate p(3).
0
Let k(x) = 9*x + 9 - 1 + x**2 - 6*x + 7*x. Suppose 3*t = 53 - 80. Give k(t).
-1
Let u be 897/621 - (-4)/(-9). Let l(i) = -12*i**2 + i + 1. Let w(q) = -23*q**2 + 2*q + 3. Let g(c) = 5*l(c) - 2*w(c). Give g(u).
-14
Let j(a) = 16*a. Suppose 5*p - 2 - 1 = 4*f, 4*f + 13 = -5*p. Calculate j(p).
-16
Let g(b) = -4*b - 128. Let v be g(-31). Let o(c) = -c + 3*c + 2*c + 3 + 3*c. Give o(v).
-25
Let s = 14 + 2. Let v = s - 12. Let z = v - 3. Let r(w) = -3*w - 1. Give r(z).
-4
Let h = 109 - 111. Let n(i) = i**2 + 3*i - 1. Let g(x) = x. Let p(u) = -5*g(u) + n(u). Calculate p(h).
7
Let z(u) = -u**3 + 14*u**2 + 14*u + 13. Let v = 198 + -183. Determine z(v).
-2
Let m(s) = -s**3 + 4*s**2 + s - 4. Let r(i) be the first derivative of -3*i + 3 - 3/2*i**2. Let w be r(-2). What is m(w)?
8
Let h be 2 - (9 - (-6 - -2)). Let x(u) = 2*u**3 - 13*u**2 + 9*u + 2. Let t(w) = w**3 - 7*w**2 + 5*w + 1. Let r(z) = h*t(z) + 6*x(z). Calculate r(1).
0
Let r(n) be the third derivative of -1/12*n**4 + 0*n - 4/3*n**3 + 0 - 43*n**2 - 7/60*n**5 - 1/120*n**6. What is r(-7)?
6
Let n = 0 - 6. Let g(j) be the third derivative of -j**5/60 - j**4/4 - 5*j**3/6 + 42*j**2. Give g(n).
-5
Let o(w) be the third derivative of w**5/60 + w**4/8 + 3*w**3/2 - 2*w**2 + 27*w. What is o(-6)?
27
Let m(d) = 7*d**2 + d + 2. Suppose -7 = 5*b + 3*q, -2*q + 5 = -4*b - 5*q. Determine m(b).
28
Let p(g) be the second derivative of g**5/20 + 3*g**4/4 + 7*g**3/6 - 2*g**2 + g - 4. Suppose d = -b - 11, 4*d = 3*b - 2 + 14. Give p(b).
4
Let d(n) = -8*n**2 + 1 + 3*n**2 - n**3 - 6 - 4*n. Let o(w) = w**3 + 6*w**2 - 6*w + 3. Let h be o(-7). What is d(h)?
-5
Let v(w) be the third derivative of w**6/120 - w**5/12 + w**4/12 + w**3/6 - 2*w**2. Let t = -30 - -45. Let g be 32/40*t/6. Determine v(g).
-7
Let v(r) = -r**2 + 4*r + 4. Let t(i) = -i - 12. Let s be (-11)/((-55)/(-100)) - (0 + -2). Let u be t(s). What is v(u)?
-8
Suppose -4*g + 0 = 8. Let c = g + 6. Let k(l) = -4*l**2 - 5 + 0*l**3 - l**3 + 2 - c*l + 0*l**2. Give k(-3).
0
Let c(d) = -46 + 47 - 4*d**3 - 3*d**3. Suppose 4*v = -4*n + 32, 4*v - 4 - 8 = n. Suppose -g = w, -2*g + n = -w + 7. Give c(w).
-6
Let t(i) = -3*i + 7. Let c(v) = -35*v**3 - v**2 + 1. Let g be c(-1). Suppose 5*x - g = -2*x. What is t(x)?
-8
Let n(z) = 3*z - 6. Suppose -40*l = -48*l - 16. What is n(l)?
-12
Let q(l) = l**3 - l + 2 + 4*l + 4*l**2 + 3*l - 11*l**2. Let c be q(6). Let g(x) = 1 - 3*x - 71*x**2 + 34*x**2 + 38*x**2. Calculate g(c).
-1
Let k = -1507 + 1511. Let i(f) = -2*f + 7. What is i(k)?
-1
Suppose -d + 2*w + 14 = 0, -5*w = -d + 3*d - 19. Let p = 8 - d. Let t be p/18 - (-102)/(-27). Let u(s) = 2*s - 1. Calculate u(t).
-9
Let i(f) = -4 + 7 + 0*f**3 - 8*f**2 + 9*f**3 - 8*f**3 - 20*f. Calculate i(10).
3
Let w(j) be the thir